 7*d - 258. Let y(b) = b - 28. Let r(i) = -2*p(i) + 19*y(i). Let v be (-23)/(-4) - 3/4. Let g be r(v). What is the greatest common factor of g and 6?
3
Suppose -3*u + 263 = 4*q, -425 = -5*u - 24*q + 20*q. Calculate the highest common factor of u and 36.
9
Let q(n) = 17*n - 773. Let t be q(50). Calculate the greatest common divisor of t and 133.
7
Let v be -62*(0 + 1/(-2)). Let o(x) = x**2 - 44. Let u be o(7). Suppose 2*s = 2*w - 122, -2*w = -3*w - u*s + 67. What is the highest common divisor of w and v?
31
Suppose -161 = -2*c - 11. Let q = c - -6. Let m = 3 - -6. Calculate the highest common factor of m and q.
9
Suppose 0 = -2*m + 229 + 159. Suppose q - m = -68. Let g(s) = -6*s + 62. Let x be g(8). Calculate the highest common divisor of q and x.
14
Let u be 29/(1 + -2)*-1. Suppose 7*p - 8*p = -u. Suppose 32*l - p*l = 54. What is the greatest common factor of l and 45?
9
Let t = -18945 - -19593. Calculate the highest common factor of 96 and t.
24
Suppose 7*a = 47 - 1279. Let l = 257 + a. Let m be 1/(2 - 34/18). What is the greatest common divisor of m and l?
9
Suppose -5*r + 8800 = -5*f, -218*r = -222*r + f + 7040. Calculate the greatest common factor of r and 96.
32
Suppose -662 = -4*i - 2*v, 16*v - 20 = 20*v. Let u(t) = -29*t - 68. Let o be u(-12). What is the greatest common divisor of i and o?
56
Let g = -255 - -259. Suppose g*a = -s + 527, 0*s = 5*a + 2*s - 658. What is the greatest common factor of a and 12?
12
Suppose -26*z + 541 - 68 = 31. Let x be -4*(-1)/10*15. Let m(d) = -d**2 + 8*d + 5. Let j be m(x). Calculate the greatest common factor of j and z.
17
Suppose 4*g + 3*p - 16 = 0, -3*g - 2*p + 4*p + 12 = 0. Let h be (g/2)/(38/285). Calculate the highest common factor of 195 and h.
15
Let c(x) = 2*x**3 - 50*x**2 - 5*x + 143. Let q be c(25). Calculate the highest common factor of q and 12978.
18
Suppose -12 = 2*s + s. Let o(j) be the third derivative of -3*j**4/8 - j**3/6 - 322*j**2. Let h be o(s). What is the greatest common divisor of 14 and h?
7
Let k = -486 - -879. Let q = -278 + k. Let c = -25 + q. Calculate the greatest common factor of 18 and c.
18
Let h be (-8)/32 + (-218)/(-8). Let d(m) = 3*m**3 - 32*m + 16. Let q be d(8). What is the highest common divisor of q and h?
27
Suppose 60*r + 5*v - 2706 = 57*r, 5*v = 4*r - 3573. Suppose 34*y + 4*s - 2685 = 31*y, y - r = -2*s. Calculate the greatest common divisor of y and 198.
99
Let a be (-1540)/(-110) - (0 - 325). Calculate the greatest common divisor of a and 12.
3
Let y be -2*((-33300)/24 + 14). What is the greatest common factor of 164 and y?
41
Let j(x) = 3*x**3 + 15*x**2 - 34*x - 2. Let n be j(5). Suppose -116 + n = 7*l. What is the greatest common divisor of 22 and l?
22
Let p = 5976 + -5651. What is the highest common divisor of 1825 and p?
25
Let u be (5 - 207/4)/(2/(-24)). Calculate the greatest common divisor of 165 and u.
33
Let m(y) = -6*y + 4*y + 15 - 10*y + y. Let v be ((-16)/(-3))/(-1) - 1/(-3). Let x be m(v). Calculate the highest common divisor of 42 and x.
14
Let t be (-24)/18*834/(-4). Let n be -1 + (t - 4) + 7. What is the greatest common factor of 7 and n?
7
Let h be (-2 + 4 - 5)/(6/18). Let s be h/(-21) + 7/((-98)/(-456)). Calculate the highest common divisor of 99 and s.
33
Let m be 27 - 23 - (299 - 1). Let c = m - -308. Let q be (8/(-10))/(4/(-490)). Calculate the greatest common factor of q and c.
14
Let u be (1 + (-177)/6)/(2/(-4)). Let a = -4 + 98. Let b = 132 - a. What is the greatest common factor of b and u?
19
Let c(v) = -v**3 + 13*v**2 + 49*v - 17. Let j be c(16). Let x be (1/(0 - -1) + -249)/j. Calculate the highest common factor of 8 and x.
8
Suppose -19*l + 7776 = -10*l. Suppose j - 10*j + l = 0. What is the greatest common divisor of j and 120?
24
Suppose 3*q - 25 = -0*c - 4*c, 2*c + q = 13. Let x = 17 + -23. Let k be (-38)/(-6) + (-4)/x. Calculate the highest common divisor of k and c.
7
Suppose 2*m = -4*f + 776, 143*f - 138*f = 2*m + 952. Calculate the greatest common divisor of f and 18.
6
Let q(w) = -159*w - 96. Let x be q(4). Let s = 936 + x. Calculate the greatest common factor of 3 and s.
3
Let w(f) = -f**3 + 15*f**2 + 34*f + 5. Let z be w(17). Suppose 122 = 3*o - 5*x, 85 = 5*o - z*x - 105. What is the greatest common factor of 272 and o?
34
Let j = 171 + 465. Suppose 2028 = 12*t - j. Calculate the greatest common divisor of 74 and t.
74
Suppose 101 = 6*j + 41. Let c be 4/j + (-11 - (-1243)/55). Let f be (-2)/5 - 1986/(-15). What is the highest common factor of c and f?
12
Suppose -5*a + 270 = -0*a. Suppose -4*x + 4*p = -992, -411*x - 4*p = -409*x - 520. What is the greatest common divisor of a and x?
18
Let b be (20/2)/((-2)/(-9)). Suppose 0 = 2*m + 5*y - 15, -29*m + 27*m = -2*y - 8. What is the greatest common divisor of m and b?
5
Suppose 5*k + 0*k = -g + 3, k = 5*g + 115. Let l = 4 - g. Suppose 7 = -o + l. What is the greatest common divisor of 57 and o?
19
Suppose 3*r = 4*z + 58 + 179, r + 61 = -z. Let y(t) = 41*t - 1. Let a be y(2). Let b = a + z. Calculate the greatest common factor of 231 and b.
21
Let u be -2 + 6*(-8)/16 + 1214. What is the highest common divisor of 12 and u?
3
Suppose -27*d + 4135 + 3982 = 2852. Calculate the greatest common divisor of 225 and d.
15
Let x(q) = -q**2 + 8*q + 3. Let t be x(8). Suppose 3*s + s = -t*u + 26, -u = s - 7. Suppose -5*j + 77 = u. What is the greatest common factor of 6 and j?
3
Suppose 0 = -3*a + 9, 67 = -5*k - 5*a + 127. What is the greatest common divisor of k and 31113?
9
Let h = -1 - -95. Let p be (((-2444)/13)/4)/((-30)/6 + 4). What is the greatest common factor of p and h?
47
Suppose 140 = -22*c + 162. Let w = 36 - 34. Suppose -w = -2*j + 14. Calculate the greatest common divisor of j and c.
1
Let n be 11/3*(-1 - -91). Let c = 1111118 + -1110854. Calculate the highest common factor of n and c.
66
Let y be ((-37)/(-3) - 7)/((-8)/(-36)). Calculate the greatest common divisor of y and 2676.
12
Let p(n) = 10*n - 59. Let i be p(2). Let d be i + 37 + (50 - -1). Calculate the highest common divisor of 784 and d.
49
Suppose -5*a + 432 = -2*a. Let z be 39/4*(-104)/(-39). Suppose -u - 4*u - z = -2*x, 3*u = 5*x - 84. Calculate the greatest common factor of x and a.
18
Suppose 6*f + 1554 = -0*f. Let h = f - -266. Calculate the greatest common factor of h and 301.
7
Let i(l) = 21*l + 77. Let w be i(7). Suppose -w = -7*z + 21. What is the greatest common divisor of 140 and z?
35
Suppose -k + 20 = 5*a, a - 12 = k - 2. Suppose -5*v - 245 = -8*v - 5*w, 0 = a*v + 2*w - 440. What is the greatest common factor of v and 72?
18
Suppose 5*s = 3*o + 23, 0 = -4*s + 3*o + 22 - 3. Suppose -259 = -s*q - a + 6*a, -a = 2*q - 133. Calculate the greatest common factor of 6 and q.
6
Let y be 58 + 12/4 + 2. Suppose -285*p + y = -284*p. What is the greatest common divisor of 441 and p?
63
Suppose -4*k = 227 - 315. Suppose -k*t - 27*t = -6174. Calculate the highest common divisor of 70 and t.
14
Let p = 37201 - 5208. Calculate the highest common factor of p and 598.
299
Let g(s) = 6*s**2 - 25*s - 12. Let y be g(6). Let v = 72 - y. Calculate the highest common factor of 24 and v.
6
Let d(m) = 3*m - 7. Let k be d(4). Suppose 0 = -k*s + 3*o + 213, o = 4*s + s - 211. Suppose 0*f = -7*f + s. What is the highest common divisor of f and 6?
6
Let i = 11600 + -11404. Calculate the highest common divisor of i and 68.
4
Let k = 491 + -343. Let v = 336 - k. Calculate the highest common factor of v and 8.
4
Let k(l) = 14*l**2 - 12*l + 30. Let p be k(-7). Calculate the highest common factor of p and 128.
32
Let b(x) = -x**2 - 31*x + 105. Let c be b(-34). Suppose c*k - 663 = -7*d + 2*d, 0 = -3*d + 4*k + 392. What is the greatest common divisor of d and 176?
44
Let c be 136/16*(-2 - -20*1). Suppose -c = -13*n + 133. What is the highest common divisor of n and 374?
22
Suppose 1180 - 230 = 38*q. Let o = 528 + -513. Calculate the highest common divisor of o and q.
5
Suppose 3*l + 18 = -5*v, 3*l + 30 = -2*l - v. Let u = -18 + l. Let n = 28 + u. Calculate the highest common divisor of 20 and n.
4
Let a be (-357)/2 - (-1)/2. Let z = a + 197. Suppose -5*h - 3*c = -466, 5*h - 386 - 74 = -5*c. What is the greatest common divisor of z and h?
19
Suppose 0 = 21*o - 45*o + 2376. What is the greatest common factor of 9 and o?
9
Let a(j) = -